 0*f + 4245. Calculate the remainder when f is divided by 57.
55
Suppose -265 + 1081 = 5*a + n, 0 = -5*a + 3*n + 812. What is the remainder when a is divided by 45?
28
Let c = 280 + -57. Calculate the remainder when c is divided by 9.
7
Suppose 4*u = 2*u - 6. Calculate the remainder when ((-536)/24)/((-1)/u*-1) is divided by 35.
32
Suppose -4*j + 18 = -j + 3*w, 2*j = w + 18. Let y = j - 4. Suppose -l - 15 = -y*l. What is the remainder when 9 is divided by l?
4
Suppose 4*p - 3 + 2 = -3*r, 0 = -3*p + 5*r + 37. Suppose -5*n = -3*z - 764, 4*n = 5*n - p*z - 146. Calculate the remainder when n is divided by 39.
37
Calculate the remainder when 83 + 7 - 3*4/3 is divided by 30.
26
Let c(t) = -t**2 + 19*t - 68. What is the remainder when 556 is divided by c(12)?
12
Let b = 253 + -149. What is the remainder when b is divided by 23?
12
Suppose 3*l + 9 - 21 = 0. Suppose -3*p + l*p = 2. Calculate the remainder when ((-20)/(-15))/(p/48) is divided by 12.
8
Suppose 0 = 2*g + 2*t - 2, g + 2*g - 27 = 3*t. Suppose -2*x - z = -139, -x - x - g*z + 159 = 0. Calculate the remainder when x is divided by (-56)/24*(1 - 7).
11
Let a = -18 - -10. Let x = a + 28. Let f = 162 + -103. Calculate the remainder when f is divided by x.
19
What is the remainder when 232 is divided by 118/5*70/(-28)*-1?
55
Let c = -218 + 327. Calculate the remainder when c is divided by 38.
33
Suppose v = -5*d - 118 + 570, -349 = -4*d - 5*v. Suppose -239 - d = -10*k. What is the remainder when 125 is divided by k?
26
Suppose 4*v + 5*z - 105 = -0*v, 0 = 5*v + 4*z - 120. Let d = -86 + 173. Let i = d + -50. What is the remainder when i is divided by v?
17
Let n = 135 - 106. What is the remainder when 57 is divided by n?
28
Suppose -1734*o - 470 = -1739*o. What is the remainder when o is divided by 12?
10
Let p(z) = -z**3 - 4*z**2 - 3*z + 1. Let l be p(-3). Let d = l - -3. Suppose 2*i - 4 = -0. What is the remainder when d is divided by i?
0
Suppose 65*x - 67*x = 3*d - 374, 5*d - 655 = 3*x. What is the remainder when d is divided by 342/8 + (-2)/(-8)?
42
Suppose -9*o - 45*o + 1674 = 0. What is the remainder when 153 is divided by o?
29
Let y be 9/(-12) + (-6)/24. Let g(v) = -19*v**3 + 1. What is the remainder when g(y) is divided by 13?
7
Suppose -2*g + 3*x + 3 = -0, 2*g - 4*x = 4. Suppose 2*n - 15 = 60*j - 61*j, -3*n - 2*j + 21 = 0. Calculate the remainder when g - n/(1 - 4) is divided by 2.
1
Let r(j) = -17*j - 21. Suppose 3*p + 15 - 6 = 0. What is the remainder when 83 is divided by r(p)?
23
Suppose 5*p = 2*u + 26, -2*p = -u - u - 14. Suppose 0 = -z + 4*t - 1 - 6, t = p*z - 17. What is the remainder when 15 is divided by z?
0
Suppose -16*k + 18 = 2*k. Let u(m) = 2*m - 1. What is the remainder when -17 + 17 + (k - -15) is divided by u(5)?
7
Suppose 4*t - 83 - 9 = 0. Let h = t - -26. What is the remainder when 95 is divided by h?
46
Let o = 77 - 44. What is the remainder when o is divided by ((-6)/(-5))/(1/15)?
15
Suppose 2681 = 8*u + 745. What is the remainder when u is divided by 49?
46
Let u be (-116)/8 - (-2)/(-5 + 1). Let p = u - -40. What is the remainder when p is divided by 7?
4
Let r = 39 - -18. Let v = 235 - 205. What is the remainder when r is divided by v?
27
Suppose 6*y = 30 + 66. Suppose 8 = 4*d - 5*c, -c - y - 8 = -4*d. Let j = 6 - 1. Calculate the remainder when d is divided by j.
2
Let m(z) = 29*z**2 - 1. Let b = 20 - 19. What is the remainder when m(b) is divided by 16?
12
Let h be (-460)/(-10) - (1 - -1). Let c = -25 + h. Calculate the remainder when c is divided by 6.
1
Suppose 30*w = 5*a + 27*w - 111, 3*a - 4*w - 60 = 0. What is the remainder when 61 is divided by a?
13
Suppose -g - 72 = -5*g. Let w be (-1 - 0) + g/(-9). Let u = w - -30. What is the remainder when u is divided by 7?
6
Suppose -7*b + 160 = -2*b. Let y(a) = -2*a**3 - 3*a**2 - 4*a - 3. What is the remainder when b is divided by y(-2)?
5
Let z(m) = -m**2 - 1. Let r(v) = v**3 + 7*v**2 + v + 64. Let a(k) = 2*r(k) + 14*z(k). What is the remainder when a(0) is divided by 13?
10
Suppose -148 = -3*c - 5*g, -5*c = 5*g + 162 - 412. What is the remainder when 115 is divided by c?
13
Suppose -6*f - 760 = -10*f. Calculate the remainder when f is divided by 48.
46
Let i(n) = n**2 - n - 44. Let g = -82 + 90. Calculate the remainder when i(g) is divided by 5.
2
Let k be (-3)/(-12) - 44/(-16). Suppose k*y - 75 = -3*d, 0 = y + 2*y + 4*d - 77. What is the remainder when y is divided by 12?
11
Let d(a) = 8*a**2 - 27. Calculate the remainder when d(-4) is divided by 15.
11
Suppose 2*d - 11 - 5 = 0. Suppose w = -2*v + 19 - 0, -w - 5*v = -4. What is the remainder when w is divided by d?
5
Let z = 6 + -6. Suppose -c - 4*x + 78 = z, -c + 11 = x - 64. Let o(u) = -u**2 - 22*u + 42. What is the remainder when c is divided by o(-23)?
17
Let b(g) = 0*g**3 + 13 - g**3 + 9*g**2 - g + 3*g**3 - 3*g**3. Suppose 5*x = 15 + 30. Calculate the remainder when b(x) is divided by 2.
0
Let o(l) = l + 39. Suppose -2*h + 0*h + 14 = 0. What is the remainder when o(-6) is divided by h?
5
Let o be ((-10)/15)/(6/(-819)). Let u = -54 + o. Calculate the remainder when u is divided by 19.
18
Let x = -87 + 93. Suppose 28 = -4*p + x*p. What is the remainder when 151 is divided by p?
11
Let v = 94 + -54. Let p = v - 31. Suppose -x = -4*d - 13 - 23, -5*d = 2*x - 33. Calculate the remainder when x is divided by p.
6
Let p = -123 + 89. Suppose 0*r + 3*y - 104 = -2*r, 0 = r + 4*y - 57. Calculate the remainder when r is divided by (-54)/(-10)*p/51*-5.
13
Let f(h) = 13*h**3 + h**2 - h + 1. Calculate the remainder when (6*1/15)/(8/1320) is divided by f(1).
10
Let y(p) = -p**2 + 8*p - 7. Let o be y(5). Suppose 9 = k - o. What is the remainder when 63 is divided by k?
12
Let r(j) = j**3 + 5*j**2 - 2*j + 4. Let b be r(-5). Suppose -9*p = -b*p + 370. What is the remainder when p is divided by 38?
36
Let g(n) = 6*n**2 + n - 9. Calculate the remainder when 460 is divided by g(-3).
40
Let u(s) = -s + 8. Let o be u(5). Let c be 1/((-2)/(-6)) - o. Suppose 2*d - 2 = -c. What is the remainder when 2 is divided by d?
0
Let k = -134 - -149. What is the remainder when 297 is divided by k?
12
Suppose -3*z = 0, -3*o - 45*z = -47*z - 75. Calculate the remainder when 1021 is divided by o.
21
Let h(p) = p**2 - 11*p - 46. Calculate the remainder when h(-8) is divided by 36.
34
Suppose 4*k - 2*z - 78 = -0*k, 0 = 5*k + z - 87. Let b(a) = -a + 25. What is the remainder when 47 is divided by b(k)?
5
Let d = 551 - 405. Calculate the remainder when d is divided by 75.
71
Suppose -8 = 7*c - 11*c. Suppose c*r + 61 = 307. Calculate the remainder when r is divided by 25.
23
Suppose 155 - 3 = -4*g. Let c = 66 + g. Let v = c + -4. Calculate the remainder when v is divided by 7.
3
Suppose 0*t - t = 49. Let n = 87 + t. Suppose -4*j + n = 6. What is the remainder when 30 is divided by j?
6
Let v(i) = i**3 - i**2 - 30*i + 5. What is the remainder when v(7) is divided by 43?
3
Suppose 84*f - 9 = z + 80*f, 5*z - f = 50. Let s = 26 - 8. What is the remainder when s is divided by z?
7
Suppose -229*k - 420*k = -4795 + 252. Calculate the remainder when (5/(-4))/((-2)/40) is divided by k.
4
Let q = -27 - -30. Let l(u) = 8*u - 11. Calculate the remainder when l(q) is divided by 5.
3
Let g(v) = -12*v + 6. Let d be g(5). Let x be d/12 - 2/(-4). What is the remainder when 66 is divided by 424/24 - x/(-6)?
15
Suppose -p = -1 - 4. Suppose -40 = -5*w - p*a - 0*a, -5*w + 5*a = 0. Suppose w + 26 = 3*y. Calculate the remainder when 28 is divided by y.
8
Suppose -29*u - 48 = -25*u. Calculate the remainder when 117 is divided by (-3 - -63)*(1 + 4/u).
37
Suppose 2*f - 6 + 0 = 0. Suppose -f*j = -3*w, -3*w = -w + 2*j - 16. Suppose 0 = l, 0 = z + 2*l - w - 10. What is the remainder when z is divided by 3?
2
Suppose a - 294 = -a. Calculate the remainder when a is divided by 50.
47
Let k = 41 + -22. What is the remainder when 62 is divided by k?
5
Suppose 4*h + 0*h = -2*n, -4*h - 4 = 4*n. Suppose 25 = 3*t - 5*b, -3*t + 3*b + 48 = 15. Calculate the remainder when (11 - 12)*(-57 + h) is divided by t.
11
Suppose 4*t - 45 = 15. Let o = 74 + -58. Calculate the remainder when (59/(-3))/(o/(-48)) is divided by t.
14
Let s = -338 - -439. What is the remainder when s is divided by 9?
2
Suppose -3 = -5*k + 12. What is the remainder when 10